{"id":96,"date":"2008-12-24T09:58:15","date_gmt":"2008-12-24T07:58:15","guid":{"rendered":"http:\/\/buerokraft48.de\/buerodienst\/?page_id=96"},"modified":"2021-02-04T13:48:39","modified_gmt":"2021-02-04T11:48:39","slug":"download","status":"publish","type":"page","link":"http:\/\/buerokraft48.de\/buerodienst\/download\/","title":{"rendered":"Download"},"content":{"rendered":"<h4>Arbeitslosengeld II &#8211; Antrag Anlage EKS<\/h4>\n<p>Zum Antrag auf Arbeitslosengeld II geh\u00f6rt bei haupt- und nebenberuflich Selbst\u00e4ndigen die Anlage EKS. <br \/>Der Download der Bundesagentur f\u00fcr Arbeit ist als ausf\u00fcllbare PDF-Datei ausgef\u00fchrt. Aus langj\u00e4hriger Beratungsarbeit entstand 2011 die Anpassung im Exel-Format. Diese sind optisch an die amtlichem Vordrucke angepasst (Druckeinstellungen sind enthalten).<\/p>\n<p>Das kombinierte Exel-Buchhaltungstool erfasst in Journalform alle\u00a0 Vorg\u00e4nge (Ausgaben \/ Einnahmen) und erstellt eine Auswertung in das\u00a0 Tabellenblatt der Anlage EKS und der Anlage E\u00dcR. Die Exel-Vorlagen stehen auf der Forumsplattform von Horst M\u00fcller <a href=\"https:\/\/www.alg-ratgeber.de\/viewforum.php?f=8\">ALG Ratgeber<\/a> in aktueller Version f\u00fcr Exel \/ OpenOffice kostenlos zur Verf\u00fcgung.\u00a0\u00a0<\/p>\n<p><a href=\"http:\/\/www.alg-ratgeber.de\/download-f10\/excel-tools-zur-erstellung-der-eks-t5372.html\" target=\"_blank\" rel=\"noopener\">Buchhaltungstool plus Anlage EKS<\/a><strong>\u00a0 <br \/>Ein kostenloser Download ist nur mit Registrierung im Forum m\u00f6glich und sinnvoll, <\/strong>weil es Im Forum eine Hilfestellung und eine st\u00e4ndige Aktualisierung durch die Community dazu gibt. (Mit Dank an H.H.)<\/p>\n<p><img fetchpriority=\"high\" decoding=\"async\" class=\"aligncenter wp-image-1017 size-large\" src=\"http:\/\/buerokraft48.de\/buerodienst\/wp-content\/uploads\/2021\/02\/eks2018-1024x422.jpg\" alt=\"\" width=\"750\" height=\"309\" srcset=\"http:\/\/buerokraft48.de\/buerodienst\/wp-content\/uploads\/2021\/02\/eks2018-1024x422.jpg 1024w, http:\/\/buerokraft48.de\/buerodienst\/wp-content\/uploads\/2021\/02\/eks2018-300x124.jpg 300w, http:\/\/buerokraft48.de\/buerodienst\/wp-content\/uploads\/2021\/02\/eks2018-768x316.jpg 768w, http:\/\/buerokraft48.de\/buerodienst\/wp-content\/uploads\/2021\/02\/eks2018-1536x633.jpg 1536w, http:\/\/buerokraft48.de\/buerodienst\/wp-content\/uploads\/2021\/02\/eks2018-1568x646.jpg 1568w, http:\/\/buerokraft48.de\/buerodienst\/wp-content\/uploads\/2021\/02\/eks2018.jpg 1656w\" sizes=\"(max-width: 750px) 100vw, 750px\" \/><\/p>\n<p><img decoding=\"async\" class=\"aligncenter size-large wp-image-1018\" src=\"http:\/\/buerokraft48.de\/buerodienst\/wp-content\/uploads\/2021\/02\/eks2018auswert-1024x787.jpg\" alt=\"\" width=\"750\" height=\"576\" srcset=\"http:\/\/buerokraft48.de\/buerodienst\/wp-content\/uploads\/2021\/02\/eks2018auswert-1024x787.jpg 1024w, http:\/\/buerokraft48.de\/buerodienst\/wp-content\/uploads\/2021\/02\/eks2018auswert-300x231.jpg 300w, http:\/\/buerokraft48.de\/buerodienst\/wp-content\/uploads\/2021\/02\/eks2018auswert-768x590.jpg 768w, http:\/\/buerokraft48.de\/buerodienst\/wp-content\/uploads\/2021\/02\/eks2018auswert.jpg 1258w\" sizes=\"(max-width: 750px) 100vw, 750px\" \/><\/p>\n<p><strong>Merkblatt<\/strong> f\u00fcr Selbst\u00e4ndige, die ihre Buchhaltung &#8222;doppelt&#8220; erstellen m\u00fcssen:\u00a0 Synopse Einnahme\u00dcberschussRechnung \/ EKS<\/p>\n<p>Dies ist eine Gegen\u00fcberstellung von Begriffen aus dem Steuerrecht und den Abweichungen in der sozialrechtlichen Berechnung, die das Jobcenter vornehmen muss. (wird im ALG-Ratgeber regelm\u00e4\u00dfig \u00fcberarbeitet)<\/p>\n<h4>Stundenerfassung f\u00fcr die Lohnabrechnung<\/h4>\n<h5>mit Berechnung Kurzarbeitsstunden und Formularerstellung Kurzarbeit<\/h5>\n<p>folgt in K\u00fcrze <br \/>(Abb. Stundenerfassung)<br \/><img decoding=\"async\" class=\"aligncenter size-large wp-image-1019\" src=\"http:\/\/buerokraft48.de\/buerodienst\/wp-content\/uploads\/2021\/02\/lohn-stderfassung-1024x330.jpg\" alt=\"\" width=\"750\" height=\"242\" srcset=\"http:\/\/buerokraft48.de\/buerodienst\/wp-content\/uploads\/2021\/02\/lohn-stderfassung-1024x330.jpg 1024w, http:\/\/buerokraft48.de\/buerodienst\/wp-content\/uploads\/2021\/02\/lohn-stderfassung-300x97.jpg 300w, http:\/\/buerokraft48.de\/buerodienst\/wp-content\/uploads\/2021\/02\/lohn-stderfassung-768x247.jpg 768w, http:\/\/buerokraft48.de\/buerodienst\/wp-content\/uploads\/2021\/02\/lohn-stderfassung.jpg 1363w\" sizes=\"(max-width: 750px) 100vw, 750px\" \/>Abb. Kurzarbeitberechnung<br \/><img loading=\"lazy\" decoding=\"async\" class=\"aligncenter size-full wp-image-1020\" src=\"http:\/\/buerokraft48.de\/buerodienst\/wp-content\/uploads\/2021\/02\/lohn-kurzarbeit.jpg\" alt=\"\" width=\"760\" height=\"807\" srcset=\"http:\/\/buerokraft48.de\/buerodienst\/wp-content\/uploads\/2021\/02\/lohn-kurzarbeit.jpg 760w, http:\/\/buerokraft48.de\/buerodienst\/wp-content\/uploads\/2021\/02\/lohn-kurzarbeit-283x300.jpg 283w\" sizes=\"(max-width: 760px) 100vw, 760px\" \/><\/p>\n<p>\u00a0<\/p>\n<p>\u00a0<\/p>\n\n","protected":false},"excerpt":{"rendered":"<p>Arbeitslosengeld II &#8211; Antrag Anlage EKS Zum Antrag auf Arbeitslosengeld II geh\u00f6rt bei haupt- und nebenberuflich Selbst\u00e4ndigen die Anlage EKS. Der Download der Bundesagentur f\u00fcr Arbeit ist als ausf\u00fcllbare PDF-Datei&hellip;&nbsp;<a href=\"http:\/\/buerokraft48.de\/buerodienst\/download\/\" class=\"\" rel=\"bookmark\">Weiterlesen &raquo;<span class=\"screen-reader-text\">Download<\/span><\/a><\/p>\n","protected":false},"author":1,"featured_media":0,"parent":0,"menu_order":3,"comment_status":"closed","ping_status":"closed","template":"","meta":{"neve_meta_sidebar":"","neve_meta_container":"","neve_meta_enable_content_width":"","neve_meta_content_width":0,"neve_meta_title_alignment":"","neve_meta_author_avatar":"","neve_post_elements_order":"","neve_meta_disable_header":"","neve_meta_disable_footer":"","neve_meta_disable_title":"","jetpack_post_was_ever_published":false},"jetpack_shortlink":"https:\/\/wp.me\/P2Big0-1y","jetpack_sharing_enabled":true,"_links":{"self":[{"href":"http:\/\/buerokraft48.de\/buerodienst\/wp-json\/wp\/v2\/pages\/96"}],"collection":[{"href":"http:\/\/buerokraft48.de\/buerodienst\/wp-json\/wp\/v2\/pages"}],"about":[{"href":"http:\/\/buerokraft48.de\/buerodienst\/wp-json\/wp\/v2\/types\/page"}],"author":[{"embeddable":true,"href":"http:\/\/buerokraft48.de\/buerodienst\/wp-json\/wp\/v2\/users\/1"}],"replies":[{"embeddable":true,"href":"http:\/\/buerokraft48.de\/buerodienst\/wp-json\/wp\/v2\/comments?post=96"}],"version-history":[{"count":58,"href":"http:\/\/buerokraft48.de\/buerodienst\/wp-json\/wp\/v2\/pages\/96\/revisions"}],"predecessor-version":[{"id":1021,"href":"http:\/\/buerokraft48.de\/buerodienst\/wp-json\/wp\/v2\/pages\/96\/revisions\/1021"}],"wp:attachment":[{"href":"http:\/\/buerokraft48.de\/buerodienst\/wp-json\/wp\/v2\/media?parent=96"}],"curies":[{"name":"wp","href":"https:\/\/api.w.org\/{rel}","templated":true}]}}