{"id":6,"date":"2008-07-09T17:04:53","date_gmt":"2008-07-09T15:04:53","guid":{"rendered":"http:\/\/buerokraft48.de\/buerodienst\/?page_id=6"},"modified":"2021-03-04T01:31:27","modified_gmt":"2021-03-03T23:31:27","slug":"buroorganisation","status":"publish","type":"page","link":"http:\/\/buerokraft48.de\/buerodienst\/","title":{"rendered":"Leistungen"},"content":{"rendered":"\t\t<div data-elementor-type=\"wp-page\" data-elementor-id=\"6\" class=\"elementor elementor-6\">\n\t\t\t\t\t\t<section class=\"elementor-section elementor-top-section elementor-element elementor-element-0619151 elementor-section-boxed elementor-section-height-default elementor-section-height-default\" data-id=\"0619151\" data-element_type=\"section\">\n\t\t\t\t\t\t<div class=\"elementor-container elementor-column-gap-default\">\n\t\t\t\t\t<div class=\"elementor-column elementor-col-100 elementor-top-column elementor-element elementor-element-4050e53\" data-id=\"4050e53\" data-element_type=\"column\">\n\t\t\t<div class=\"elementor-widget-wrap elementor-element-populated\">\n\t\t\t\t\t\t<div class=\"elementor-element elementor-element-a3bb4fc elementor-widget elementor-widget-image\" data-id=\"a3bb4fc\" data-element_type=\"widget\" data-widget_type=\"image.default\">\n\t\t\t\t<div class=\"elementor-widget-container\">\n\t\t\t\t\t\t\t\t\t\t\t\t\t<img fetchpriority=\"high\" decoding=\"async\" width=\"1024\" height=\"490\" src=\"http:\/\/buerokraft48.de\/buerodienst\/wp-content\/uploads\/2021\/02\/bk48_3000-1024x490.jpg\" class=\"attachment-large size-large wp-image-1061\" alt=\"\" srcset=\"http:\/\/buerokraft48.de\/buerodienst\/wp-content\/uploads\/2021\/02\/bk48_3000-1024x490.jpg 1024w, http:\/\/buerokraft48.de\/buerodienst\/wp-content\/uploads\/2021\/02\/bk48_3000-300x144.jpg 300w, http:\/\/buerokraft48.de\/buerodienst\/wp-content\/uploads\/2021\/02\/bk48_3000-768x368.jpg 768w, http:\/\/buerokraft48.de\/buerodienst\/wp-content\/uploads\/2021\/02\/bk48_3000-1536x736.jpg 1536w, http:\/\/buerokraft48.de\/buerodienst\/wp-content\/uploads\/2021\/02\/bk48_3000-2048x981.jpg 2048w\" sizes=\"(max-width: 1024px) 100vw, 1024px\" \/>\t\t\t\t\t\t\t\t\t\t\t\t\t<\/div>\n\t\t\t\t<\/div>\n\t\t\t\t\t<\/div>\n\t\t<\/div>\n\t\t\t\t\t<\/div>\n\t\t<\/section>\n\t\t\t\t<section class=\"elementor-section elementor-top-section elementor-element elementor-element-61932fa elementor-section-boxed elementor-section-height-default elementor-section-height-default\" data-id=\"61932fa\" data-element_type=\"section\">\n\t\t\t\t\t\t<div class=\"elementor-container elementor-column-gap-default\">\n\t\t\t\t\t<div class=\"elementor-column elementor-col-100 elementor-top-column elementor-element elementor-element-9d00ad1\" data-id=\"9d00ad1\" data-element_type=\"column\">\n\t\t\t<div class=\"elementor-widget-wrap elementor-element-populated\">\n\t\t\t\t\t\t<div class=\"elementor-element elementor-element-51b1735 elementor-widget elementor-widget-spacer\" data-id=\"51b1735\" data-element_type=\"widget\" data-widget_type=\"spacer.default\">\n\t\t\t\t<div class=\"elementor-widget-container\">\n\t\t\t\t\t<div class=\"elementor-spacer\">\n\t\t\t<div class=\"elementor-spacer-inner\"><\/div>\n\t\t<\/div>\n\t\t\t\t<\/div>\n\t\t\t\t<\/div>\n\t\t\t\t\t<\/div>\n\t\t<\/div>\n\t\t\t\t\t<\/div>\n\t\t<\/section>\n\t\t\t\t<section class=\"elementor-section elementor-top-section elementor-element elementor-element-a5a49c0 elementor-section-boxed elementor-section-height-default elementor-section-height-default\" data-id=\"a5a49c0\" data-element_type=\"section\" data-settings=\"{&quot;background_background&quot;:&quot;classic&quot;}\">\n\t\t\t\t\t\t<div class=\"elementor-container elementor-column-gap-default\">\n\t\t\t\t\t<div class=\"elementor-column elementor-col-33 elementor-top-column elementor-element elementor-element-5c0b556\" data-id=\"5c0b556\" data-element_type=\"column\">\n\t\t\t<div class=\"elementor-widget-wrap elementor-element-populated\">\n\t\t\t\t\t\t<div class=\"elementor-element elementor-element-c27cab4 elementor-widget elementor-widget-text-editor\" data-id=\"c27cab4\" data-element_type=\"widget\" data-widget_type=\"text-editor.default\">\n\t\t\t\t<div class=\"elementor-widget-container\">\n\t\t\t\t\t\t\t<h3>Internetseiten mit WordPress\u00a0<\/h3><p>Von der technischen Einrichtung einer WordPress-Seite bis zum ma\u00dfgeschneiderten Internetauftritt.\u00a0<\/p><p>Du bist kreativ und m\u00f6chtest Deine Internetseite selber gestalten?<\/p><p>Du m\u00f6chtest gerne regelm\u00e4\u00dfig frischen Content bei facebook und instagram einstellen?\u00a0<\/p><p>\u00a0hier\u00a0Web+Print<\/p>\t\t\t\t\t\t<\/div>\n\t\t\t\t<\/div>\n\t\t\t\t\t<\/div>\n\t\t<\/div>\n\t\t\t\t<div class=\"elementor-column elementor-col-33 elementor-top-column elementor-element elementor-element-af054ee\" data-id=\"af054ee\" data-element_type=\"column\">\n\t\t\t<div class=\"elementor-widget-wrap elementor-element-populated\">\n\t\t\t\t\t\t<div class=\"elementor-element elementor-element-66cd352 elementor-widget elementor-widget-text-editor\" data-id=\"66cd352\" data-element_type=\"widget\" data-widget_type=\"text-editor.default\">\n\t\t\t\t<div class=\"elementor-widget-container\">\n\t\t\t\t\t\t\t<h3>B\u00fcrokram? Papier, Daten?<\/h3><p><span style=\"color: var( --e-global-color-text ); font-family: var( --e-global-typography-text-font-family ), Sans-serif; font-weight: var( --e-global-typography-text-font-weight ); background-color: var( --e-global-color-c28cef8 );\">Die Ablage und das vorangehende Ordnen von Papierkram f\u00e4llt mir leicht: Gelernt ist gelernt!<\/span><\/p><p>Du brauchst eine sinnvolle Grundstruktur f\u00fcr Deine Ablage? Was soll in Deine Cloud, was soll auf den Festplattenspeicher?<\/p><p>Dateneingabe zur steuerlichen Erfassung, wenn es mal eng wird?\u00a0\u00a0<span style=\"color: var( --e-global-color-text ); font-family: var( --e-global-typography-text-font-family ), Sans-serif; font-weight: var( --e-global-typography-text-font-weight ); background-color: var( --e-global-color-c28cef8 );\">Ich darf nach \u00a7 6 Abs. 4 EStG t\u00e4tig sein und bin seit 2008 Mitglied im\u00a0<\/span><a style=\"font-family: var( --e-global-typography-text-font-family ), Sans-serif; font-weight: var( --e-global-typography-text-font-weight ); background-color: var( --e-global-color-c28cef8 );\" href=\"https:\/\/www.bbh.de\/\">Bundesverband selbst\u00e4ndiger Buchhalter &amp; Bilanzbuchhalter<\/a><span style=\"color: var( --e-global-color-text ); font-family: var( --e-global-typography-text-font-family ), Sans-serif; font-weight: var( --e-global-typography-text-font-weight ); background-color: var( --e-global-color-c28cef8 );\">.\u00a0<\/span><\/p><p><a style=\"font-family: var( --e-global-typography-text-font-family ), Sans-serif; font-weight: var( --e-global-typography-text-font-weight ); background-color: var( --e-global-color-c28cef8 );\" href=\"http:\/\/buerokraft48.de\/buerodienst\/buroorganisation\/buro-kratie\/\">B\u00fcrodienstleistungen<\/a><\/p>\t\t\t\t\t\t<\/div>\n\t\t\t\t<\/div>\n\t\t\t\t\t<\/div>\n\t\t<\/div>\n\t\t\t\t<div class=\"elementor-column elementor-col-33 elementor-top-column elementor-element elementor-element-c5627b2\" data-id=\"c5627b2\" data-element_type=\"column\">\n\t\t\t<div class=\"elementor-widget-wrap elementor-element-populated\">\n\t\t\t\t\t\t<div class=\"elementor-element elementor-element-7ed1dac elementor-widget elementor-widget-text-editor\" data-id=\"7ed1dac\" data-element_type=\"widget\" data-widget_type=\"text-editor.default\">\n\t\t\t\t<div class=\"elementor-widget-container\">\n\t\t\t\t\t\t\t<h3>Computer und Software\u00a0<\/h3><p>Du brauchst Dein Laptop oft und auch beruflich? Bist aber unsicher bei der Einrichtung von Mailprogrammen, der Installation von Software?\u00a0\u00a0<\/p><p>Du m\u00f6chtest gezielt mehr \u00fcber Excel oder Word lernen und hast keine Zeit f\u00fcr lange Kurse?\u00a0<\/p><p><span style=\"color: var( --e-global-color-text ); font-family: var( --e-global-typography-text-font-family ), Sans-serif; font-weight: var( --e-global-typography-text-font-weight ); background-color: var( --e-global-color-c28cef8 );\">Kurze Trainingseinheiten an Deinem Laptop, so wie Du es als Anwender:in nutzen willst, bringen Dich gezielt\u00a0 weiter.\u00a0<\/span><\/p><p>Mit ZOOM oder TEAMVIEWER geht das alles problemlos online.\u00a0<\/p><p><a style=\"font-family: var( --e-global-typography-text-font-family ), Sans-serif; font-weight: var( --e-global-typography-text-font-weight ); background-color: var( --e-global-color-c28cef8 );\" title=\"Computer und Anwendungen \" href=\"http:\/\/buerokraft48.de\/buerodienst\/?page_id=10\">Computer + Software<\/a><\/p>\t\t\t\t\t\t<\/div>\n\t\t\t\t<\/div>\n\t\t\t\t\t<\/div>\n\t\t<\/div>\n\t\t\t\t\t<\/div>\n\t\t<\/section>\n\t\t\t\t<section class=\"elementor-section elementor-top-section elementor-element elementor-element-7678c9ec elementor-section-boxed elementor-section-height-default elementor-section-height-default\" data-id=\"7678c9ec\" data-element_type=\"section\" data-settings=\"{&quot;background_background&quot;:&quot;classic&quot;}\">\n\t\t\t\t\t\t<div class=\"elementor-container elementor-column-gap-default\">\n\t\t\t\t\t<div class=\"elementor-column elementor-col-100 elementor-top-column elementor-element elementor-element-49bf2d63\" data-id=\"49bf2d63\" data-element_type=\"column\">\n\t\t\t<div class=\"elementor-widget-wrap elementor-element-populated\">\n\t\t\t\t\t\t<div class=\"elementor-element elementor-element-59206df2 elementor-widget elementor-widget-text-editor\" data-id=\"59206df2\" data-element_type=\"widget\" data-widget_type=\"text-editor.default\">\n\t\t\t\t<div class=\"elementor-widget-container\">\n\t\t\t\t\t\t\t<h4>Was ich nicht mehr mache:<br \/>Seminare und Beratungen zu Selbst\u00e4ndigkeit mit Arbeitslosengeld II\u00a0<\/h4><p>Manchmal ist es unumg\u00e4nglich sich als Selbst\u00e4ndiger mit Arbeitslosengeld II (Hartz IV) zumindest zu besch\u00e4ftigen. <br \/>Die Corona-Soforthilfe im M\u00e4rz 2020 brachte sehr viel Unmut und Unsicherheiten sogar in der Politik zutage.\u00a0<br \/>Ich habe dies in ehrenamtlicher Beratung und Begleitung oft schmerzlich ganz nah miterlebt, wie \u00fcbel eine viel zu sp\u00e4te Antragstellung eher in die Verschuldung und \u00dcberforderung f\u00fchrt. Wer f\u00fcr sich <b>alleine ohne Familie weniger als 1.100 \u20ac<\/b> (Bruttogewinn vor Steuer) erwirtschaftet und dies auf Dauer nicht nach oben bringen kann, sollte aufstockende Leistungen zumindest durchrechnen und in Erw\u00e4gung ziehen!\u00a0<br \/><strong>Vor der Antragstellung<\/strong> sind einige Schalter und Hebel umzulegen und einiges zu kl\u00e4ren.<\/p><p>Daher:\u00a0\u00a0<a href=\"https:\/\/www.alg-ratgeber.de\/\">Registriere Dich im <strong>ALG-Ratgeber-Forum<\/strong>! Hol Dir professionelle, aktuelle und falls n\u00f6tig individuelle Unterst\u00fctzung &#8211;\u00a0 auch durch erfahrene Rechtsanw\u00e4lte. Kein Gelaber, sondern harte, wirklich brauchbare Infos!<\/a><\/p>\t\t\t\t\t\t<\/div>\n\t\t\t\t<\/div>\n\t\t\t\t\t<\/div>\n\t\t<\/div>\n\t\t\t\t\t<\/div>\n\t\t<\/section>\n\t\t\t\t<\/div>\n\t\t","protected":false},"excerpt":{"rendered":"<p>Internetseiten mit WordPress&nbsp; Von der technischen Einrichtung einer WordPress-Seite bis zum ma\u00dfgeschneiderten Internetauftritt.&nbsp; Du bist kreativ und m\u00f6chtest Deine Internetseite selber gestalten? Du m\u00f6chtest gerne regelm\u00e4\u00dfig frischen Content bei facebook&hellip;&nbsp;<a href=\"http:\/\/buerokraft48.de\/buerodienst\/\" class=\"\" rel=\"bookmark\">Weiterlesen &raquo;<span class=\"screen-reader-text\">Leistungen<\/span><\/a><\/p>\n","protected":false},"author":1,"featured_media":0,"parent":0,"menu_order":1,"comment_status":"closed","ping_status":"open","template":"elementor_header_footer","meta":{"neve_meta_sidebar":"","neve_meta_container":"","neve_meta_enable_content_width":"","neve_meta_content_width":0,"neve_meta_title_alignment":"","neve_meta_author_avatar":"","neve_post_elements_order":"","neve_meta_disable_header":"off","neve_meta_disable_footer":"","neve_meta_disable_title":"","jetpack_post_was_ever_published":false},"jetpack_shortlink":"https:\/\/wp.me\/P2Big0-6","jetpack_sharing_enabled":true,"_links":{"self":[{"href":"http:\/\/buerokraft48.de\/buerodienst\/wp-json\/wp\/v2\/pages\/6"}],"collection":[{"href":"http:\/\/buerokraft48.de\/buerodienst\/wp-json\/wp\/v2\/pages"}],"about":[{"href":"http:\/\/buerokraft48.de\/buerodienst\/wp-json\/wp\/v2\/types\/page"}],"author":[{"embeddable":true,"href":"http:\/\/buerokraft48.de\/buerodienst\/wp-json\/wp\/v2\/users\/1"}],"replies":[{"embeddable":true,"href":"http:\/\/buerokraft48.de\/buerodienst\/wp-json\/wp\/v2\/comments?post=6"}],"version-history":[{"count":80,"href":"http:\/\/buerokraft48.de\/buerodienst\/wp-json\/wp\/v2\/pages\/6\/revisions"}],"predecessor-version":[{"id":1516,"href":"http:\/\/buerokraft48.de\/buerodienst\/wp-json\/wp\/v2\/pages\/6\/revisions\/1516"}],"wp:attachment":[{"href":"http:\/\/buerokraft48.de\/buerodienst\/wp-json\/wp\/v2\/media?parent=6"}],"curies":[{"name":"wp","href":"https:\/\/api.w.org\/{rel}","templated":true}]}}