{"id":12,"date":"2008-07-09T22:42:19","date_gmt":"2008-07-09T20:42:19","guid":{"rendered":"http:\/\/buerokraft48.de\/buerodienst\/?page_id=12"},"modified":"2021-02-21T21:06:57","modified_gmt":"2021-02-21T19:06:57","slug":"compundsoftware","status":"publish","type":"page","link":"http:\/\/buerokraft48.de\/buerodienst\/buroorganisation\/compundsoftware\/","title":{"rendered":"Computer+Software"},"content":{"rendered":"<p>&#8211; PC-Training zu Hause bei Ihnen<\/p>\n<ul>\n<li>Internet kennenlernen ohne Internetzugang<\/li>\n<li>Mails schreiben, abschicken und abholen<\/li>\n<li>Briefe schreiben<\/li>\n<li>Fotos und Filme anschauen<\/li>\n<\/ul>\n<p>&#8211; Mail-Client (Mailprogramm) einrichten<\/p>\n<p>&#8211; Software ausw\u00e4hlen und installieren<\/p>\n<p>&#8211; Erstellen von MS-Word\/Exel-Vorlagen nach individueller Vorgabe<\/p>\n<p>&#8211; Nutzeraccounts anlegen z. B. ebay, Online-Banking und Einf\u00fchrung in die Nutzung<\/p>\n<p>&#8211; Internetseiten planen, anleiten und\/oder erstellen (WordPress)<\/p>\n<p>&#8211; Einrichten und Formatieren Ihrer (kostenlosen) Blogs, Foren oder Wikis<\/p>\n<p>Ich arbeite nicht nur f\u00fcr Gesch\u00e4ftskunden, sondern auch gerne im privaten Bereich oder manchmal auch f\u00fcr gemeinn\u00fctzige Organisationen. Sprechen Sie mich gerne an, auch wenn Sie zun\u00e4chst denken:\u00a0 Das wird bestimmt &#8222;zu teuer&#8220;. Ich gebe Ihnen auch gerne Adressen von \u00f6ffentlichen, kostenlosen oder kosteng\u00fcnstigen M\u00f6glichkeiten weiter.<\/p>\n<p>Zum Beispiel diese hier:<\/p>\n<p><span style=\"color: #ff9900;\"><strong>Internetnutzung f\u00fcr Senioren<br \/>\n<\/strong><\/span>im &#8222;<strong>PC-Caf\u00e9<\/strong>&#8220; in der Begegnungsst\u00e4tte <a title=\"Engagiert \u00e4lter werden\" href=\"http:\/\/www.engagiert-aelter-in-aachen.de\/pc-cafe.html\">&#8222;Engagiert \u00e4lter werden&#8220;<\/a> der Ev. Kirchengemeinde Aachen in der Annastr. 35 in 52062 Aachen<br \/>\nTel. 0241\u00a0 2 11 55<\/p>\n<p><span style=\"color: #ff9900;\"><strong>Internetnutzung f\u00fcr erwerbslose oder computerlose Menschen<br \/>\nmit Bewerbungsberatung und Schreibwerkstatt:<\/strong><\/span><\/p>\n<p>KAP Anna &#8211; Arbeitslosenzentrum N\u00e4he Bushof \/ gegen\u00fcber St. Peter<br \/>\nAlexanderstr. 69-71 in 52070 Aachen<br \/>\nTel. 0241<br \/>\nMail: <a href=\"mailto:info@picco-bella.de\">info@picco-bella.de\u00a0<\/a><\/p>\n","protected":false},"excerpt":{"rendered":"<p>&#8211; PC-Training zu Hause bei Ihnen Internet kennenlernen ohne Internetzugang Mails schreiben, abschicken und abholen Briefe schreiben Fotos und Filme anschauen &#8211; Mail-Client (Mailprogramm) einrichten &#8211; Software ausw\u00e4hlen und installieren&hellip;&nbsp;<a href=\"http:\/\/buerokraft48.de\/buerodienst\/buroorganisation\/compundsoftware\/\" class=\"\" rel=\"bookmark\">Weiterlesen &raquo;<span class=\"screen-reader-text\">Computer+Software<\/span><\/a><\/p>\n","protected":false},"author":1,"featured_media":0,"parent":6,"menu_order":2,"comment_status":"open","ping_status":"closed","template":"","meta":{"neve_meta_sidebar":"","neve_meta_container":"","neve_meta_enable_content_width":"","neve_meta_content_width":0,"neve_meta_title_alignment":"","neve_meta_author_avatar":"","neve_post_elements_order":"","neve_meta_disable_header":"","neve_meta_disable_footer":"","neve_meta_disable_title":"","jetpack_post_was_ever_published":false},"jetpack_shortlink":"https:\/\/wp.me\/P2Big0-c","jetpack_sharing_enabled":true,"_links":{"self":[{"href":"http:\/\/buerokraft48.de\/buerodienst\/wp-json\/wp\/v2\/pages\/12"}],"collection":[{"href":"http:\/\/buerokraft48.de\/buerodienst\/wp-json\/wp\/v2\/pages"}],"about":[{"href":"http:\/\/buerokraft48.de\/buerodienst\/wp-json\/wp\/v2\/types\/page"}],"author":[{"embeddable":true,"href":"http:\/\/buerokraft48.de\/buerodienst\/wp-json\/wp\/v2\/users\/1"}],"replies":[{"embeddable":true,"href":"http:\/\/buerokraft48.de\/buerodienst\/wp-json\/wp\/v2\/comments?post=12"}],"version-history":[{"count":13,"href":"http:\/\/buerokraft48.de\/buerodienst\/wp-json\/wp\/v2\/pages\/12\/revisions"}],"predecessor-version":[{"id":1371,"href":"http:\/\/buerokraft48.de\/buerodienst\/wp-json\/wp\/v2\/pages\/12\/revisions\/1371"}],"up":[{"embeddable":true,"href":"http:\/\/buerokraft48.de\/buerodienst\/wp-json\/wp\/v2\/pages\/6"}],"wp:attachment":[{"href":"http:\/\/buerokraft48.de\/buerodienst\/wp-json\/wp\/v2\/media?parent=12"}],"curies":[{"name":"wp","href":"https:\/\/api.w.org\/{rel}","templated":true}]}}